he prime factors of 280962.
2, 3, 11, 43
What are the prime factors of 3433625?
5, 13, 2113
What are the prime factors of 12861152?
2, 29, 13859
List the prime factors of 296459.
89, 3331
What are the prime factors of 1975419?
3, 219491
What are the prime factors of 5458219?
13, 61, 6883
List the prime factors of 435086.
2, 83, 2621
List the prime factors of 351378.
2, 3, 241
List the prime factors of 1106256.
2, 3, 19, 1213
What are the prime factors of 82840?
2, 5, 19, 109
List the prime factors of 4526549.
4526549
What are the prime factors of 1504369?
113, 13313
List the prime factors of 5725580.
2, 5, 7, 40897
List the prime factors of 854532.
2, 3, 7, 3391
What are the prime factors of 1504093?
1504093
What are the prime factors of 399035?
5, 7, 13, 877
What are the prime factors of 9435695?
5, 823, 2293
List the prime factors of 1061318.
2, 530659
List the prime factors of 4063882.
2, 131, 15511
List the prime factors of 225505.
5, 7, 17, 379
List the prime factors of 180099.
3, 20011
List the prime factors of 206215.
5, 41243
List the prime factors of 988738.
2, 494369
List the prime factors of 8714840.
2, 5, 223, 977
What are the prime factors of 207497?
207497
List the prime factors of 16353013.
29, 563897
List the prime factors of 34674.
2, 3, 5779
What are the prime factors of 1636041?
3, 11, 4507
List the prime factors of 194907.
3, 64969
List the prime factors of 4872013.
17, 286589
List the prime factors of 934719.
3, 173, 1801
List the prime factors of 518105.
5, 7, 113, 131
List the prime factors of 432651.
3, 29, 4973
List the prime factors of 16949789.
16949789
What are the prime factors of 61265?
5, 12253
What are the prime factors of 7663483?
257, 29819
List the prime factors of 1497830.
2, 5, 101, 1483
List the prime factors of 212118.
2, 3, 35353
List the prime factors of 2183933.
1229, 1777
List the prime factors of 20956559.
13, 97, 16619
What are the prime factors of 2200538?
2, 37, 131, 227
What are the prime factors of 775604?
2, 71, 2731
List the prime factors of 247976.
2, 139, 223
List the prime factors of 301214.
2, 150607
What are the prime factors of 129806?
2, 41, 1583
What are the prime factors of 15612701?
13, 29, 41413
List the prime factors of 1487689.
7, 97, 313
What are the prime factors of 107588?
2, 13, 2069
What are the prime factors of 8042709?
3, 23, 229, 509
What are the prime factors of 695069?
695069
What are the prime factors of 285747?
3, 7, 11, 1237
List the prime factors of 6143869.
1291, 4759
List the prime factors of 1161315.
3, 5, 131, 197
List the prime factors of 1381651.
113, 12227
What are the prime factors of 1811503?
17, 23, 41, 113
What are the prime factors of 586461?
3, 233, 839
List the prime factors of 8727189.
3, 23, 126481
List the prime factors of 21691614.
2, 3, 7, 89, 829
What are the prime factors of 26686?
2, 11, 1213
What are the prime factors of 29607576?
2, 3, 41, 30089
What are the prime factors of 106337?
7, 11, 1381
List the prime factors of 8703173.
8703173
What are the prime factors of 15433461?
3, 137, 12517
List the prime factors of 328029.
3, 13, 647
What are the prime factors of 4302097?
4302097
List the prime factors of 86349.
3, 107, 269
List the prime factors of 9439741.
661, 14281
What are the prime factors of 575983?
167, 3449
What are the prime factors of 1082915?
5, 109, 1987
What are the prime factors of 187818?
2, 3, 23, 1361
What are the prime factors of 10342278?
2, 3, 443, 1297
What are the prime factors of 521330?
2, 5, 37, 1409
What are the prime factors of 327397?
7, 46771
List the prime factors of 4616702.
2, 67, 131, 263
List the prime factors of 213653.
11, 19423
What are the prime factors of 1946113?
13, 19, 7879
List the prime factors of 25300063.
17, 1488239
What are the prime factors of 47364?
2, 3, 3947
List the prime factors of 71199.
3, 293
What are the prime factors of 918637?
67, 13711
What are the prime factors of 894759?
3, 101, 2953
What are the prime factors of 2497477?
2497477
What are the prime factors of 7360628?
2, 11, 131, 1277
What are the prime factors of 159956?
2, 39989
List the prime factors of 3674745.
3, 5, 127, 643
List the prime factors of 2097298.
2, 7, 21401
List the prime factors of 439697.
439697
What are the prime factors of 333558?
2, 3, 29, 71
What are the prime factors of 262721?
53, 4957
List the prime factors of 1083860.
2, 5, 54193
List the prime factors of 82083.
3, 27361
List the prime factors of 6437047.
6437047
List the prime factors of 5080832.
2, 89, 223
What are the prime factors of 15752655?
3, 5, 29, 12071
List the prime factors of 1007952.
2, 3, 11, 23, 83
List the prime factors of 4348415.
5, 869683
List the prime factors of 310308.
2, 3, 19, 1361
List the prime factors of 17440471.
17440471
What are the prime factors of 304150?
2, 5, 7, 11, 79
What are the prime factors of 181197?
3, 2237
What are the prime factors of 13651?
11, 17, 73
What are the prime factors of 93523?
93523
What are the prime factors of 970477?
151, 6427
What are the prime factors of 20248?
2, 2531
What are the prime factors of 20068006?
2, 7, 23, 62323
List the prime factors of 57622.
2, 47, 613
What are the prime factors of 146182?
2, 73091
What are the prime factors of 423001?
423001
What are the prime factors of 302680?
2, 5, 7, 23, 47
What are the prime factors of 2980756?
2, 745189
What are the prime factors of 30309441?
3, 10103147
List the prime factors of 8255569.
7, 168481
What are the prime factors of 4830342?
2, 3, 11, 163, 449
List the prime factors of 24379211.
24379211
What are the prime factors of 9720712?
2, 113, 10753
List the prime factors of 606733.
606733
What are the prime factors of 5510413?
5510413
What are the prime factors of 23726?
2, 11863
List the prime factors of 460090.
2, 5, 139, 331
List the prime factors of 284481.
3, 73, 433
List the prime factors of 17025014.
2, 23, 31, 11939
What are the prime factors of 1382857?
7, 197551
List the prime factors of 804223.
7, 114889
What are the prime factors of 206268?
2, 3, 17189
List the prime factors of 12377857.
12377857
List the prime factors of 19569.
3, 11, 593
What are the prime factors of 70092?
2, 3, 11, 59
What are the prime factors of 729173?
729173
What are the prime factors of 5166459?
3, 574051
What are the prime factors of 60830?
2, 5, 7, 11, 79
List the prime factors of 4818418.
2, 11, 219019
List the prime factors of 277847.
277847
List the prime factors of 6426548.
2, 31, 51827
List the prime factors of 3230729.
37, 87317
What are the prime factors of 6264574?
2, 3132287
List the prime factors of 723425.
5, 19, 1523
What are the prime factors of 86016?
2, 3, 7
List the prime factors of 246944.
2, 7717
List the prime factors of 2599285.
5, 13, 39989
List the prime factors of 203111.
101, 2011
What are the prime factors of 222225?
3, 5, 2963
List the prime factors of 11051502.
2, 3, 7, 11, 19, 1259
List the prime factors of 25641504.
2, 3, 7, 23, 79
List the prime factors of 4043012.
2, 1010753
What are the prime factors of 4019033?
1361, 2953
List the prime factors of 103407.
3, 34469
What are the prime factors of 2440417?
7, 19, 59, 311
List the prime factors of 2015822.
2, 73, 13807
List the prime factors of 11572999.
11572999
What are the prime factors of 287874?
2, 3, 1777
List the prime factors of 22902039.
3, 1153, 2207
What are the prime factors of 260430?
2, 3, 5, 8681
List the prime factors of 5555819.
61, 91079
What are the prime factors of 1925910?
2, 3, 5, 7, 1019
What are the prime factors of 493681?
41, 12041
What are the prime factors of 5716270?
2, 5, 7, 127, 643
List the prime factors of 3264226.
2, 7, 233159
What are the prime factors of 13546005?
3, 5, 11, 53, 1549
List the prime factors of 437721.
3, 59, 2473
What are the prime factors of 72021?
3, 24007
What are the prime factors of 36067141?
11, 3278831
List the prime factors of 178412.
2, 13, 47, 73
List the prime factors of 18474928.
2, 41, 28163
List the prime factors of 215018.
2, 107509
List the prime factors of 7203284.
2, 11, 31, 5281
List the prime factors of 65910.
2, 3, 5, 13
List the prime factors of 618619.
618619
What are the prime factors of 193959?
3, 23, 937
What are the prime factors of 4153892?
2, 23, 163, 277
List the prime factors of 790